{"id":120,"date":"2018-04-05T15:41:27","date_gmt":"2018-04-05T13:41:27","guid":{"rendered":"http:\/\/luwa-dienstleistung.de\/?page_id=120"},"modified":"2022-08-12T16:13:18","modified_gmt":"2022-08-12T14:13:18","slug":"kontakt","status":"publish","type":"page","link":"https:\/\/luwa-dienstleistung.de\/?page_id=120","title":{"rendered":"KONTAKT"},"content":{"rendered":"<p>Stimmen Sie gerne Terminalternativen vor Kontaktaufnahme mit Partner\/in oder Angeh\u00f6rigem ab, wenn dieser ebenfalls am Gespr\u00e4ch teilnehmen m\u00f6chten, was wir sehr begr\u00fc\u00dfen.<\/p>\n<p>Nennen Sie uns Ihre PLZ und Telefon-Nummer, vielleicht h\u00e4tten wir schon eine Mitarbeiterin f\u00fcr Sie.<\/p>\n<div class=\"xr_s10\"><span class=\"xr_tl xr_s11\">LUWA &#8211; Dienstleistungen<\/span><\/div>\n<div class=\"xr_s12\"><span class=\"xr_tl xr_s13\">Tel:\u00a0\u00a0 07031 9864260<\/span><\/div>\n<div class=\"xr_s12\"><span class=\"xr_tl xr_s13\">Mobil: +49177 6548230<\/span><\/div>\n<div class=\"xr_s12\"><span class=\"xr_tl xr_s13\">E-mail:\u00a0\u00a0<\/span><span class=\"xr_tl xr_s15\"><a href=\"mailto:info@luwa-dienstleistung.de\">info@luwa-dienstleistung.de<\/a><\/span><\/div>\n","protected":false},"excerpt":{"rendered":"<p>Stimmen Sie gerne Terminalternativen vor Kontaktaufnahme mit Partner\/in oder Angeh\u00f6rigem ab, wenn dieser ebenfalls am Gespr\u00e4ch teilnehmen m\u00f6chten, was wir sehr begr\u00fc\u00dfen. Nennen Sie uns Ihre PLZ und Telefon-Nummer, vielleicht h\u00e4tten wir schon eine Mitarbeiterin f\u00fcr Sie. LUWA &#8211; Dienstleistungen Tel:\u00a0\u00a0 07031 9864260 Mobil: +49177 6548230 E-mail:\u00a0\u00a0info@luwa-dienstleistung.de<\/p>\n","protected":false},"author":1,"featured_media":121,"parent":0,"menu_order":0,"comment_status":"closed","ping_status":"closed","template":"","meta":{"_mi_skip_tracking":false,"_exactmetrics_sitenote_active":false,"_exactmetrics_sitenote_note":"","_exactmetrics_sitenote_category":0,"footnotes":""},"_links":{"self":[{"href":"https:\/\/luwa-dienstleistung.de\/index.php?rest_route=\/wp\/v2\/pages\/120"}],"collection":[{"href":"https:\/\/luwa-dienstleistung.de\/index.php?rest_route=\/wp\/v2\/pages"}],"about":[{"href":"https:\/\/luwa-dienstleistung.de\/index.php?rest_route=\/wp\/v2\/types\/page"}],"author":[{"embeddable":true,"href":"https:\/\/luwa-dienstleistung.de\/index.php?rest_route=\/wp\/v2\/users\/1"}],"replies":[{"embeddable":true,"href":"https:\/\/luwa-dienstleistung.de\/index.php?rest_route=%2Fwp%2Fv2%2Fcomments&post=120"}],"version-history":[{"count":6,"href":"https:\/\/luwa-dienstleistung.de\/index.php?rest_route=\/wp\/v2\/pages\/120\/revisions"}],"predecessor-version":[{"id":284,"href":"https:\/\/luwa-dienstleistung.de\/index.php?rest_route=\/wp\/v2\/pages\/120\/revisions\/284"}],"wp:featuredmedia":[{"embeddable":true,"href":"https:\/\/luwa-dienstleistung.de\/index.php?rest_route=\/wp\/v2\/media\/121"}],"wp:attachment":[{"href":"https:\/\/luwa-dienstleistung.de\/index.php?rest_route=%2Fwp%2Fv2%2Fmedia&parent=120"}],"curies":[{"name":"wp","href":"https:\/\/api.w.org\/{rel}","templated":true}]}}